ase 6, what is -3 + 120111543?
120111540
In base 5, what is -140312422443 + 10?
-140312422433
In base 15, what is -5981 + 3246?
-273a
In base 6, what is 2 + 1152231225?
1152231231
In base 4, what is 3331201311 + 2?
3331201313
In base 5, what is 3303013 - -40?
3303103
In base 2, what is 1110010010 - 11001110101111?
-11000000011101
In base 16, what is 14d304 - -121?
14d425
In base 7, what is 10 - -202122056?
202122066
In base 14, what is 2671a6 - -3d?
267205
In base 13, what is -3c03 - -4078?
175
In base 14, what is -1 + 459225?
459224
In base 5, what is 1031 - 1143402?
-1142321
In base 2, what is 1010011010000 + 1000000101?
1011011010101
In base 15, what is 11a5 - -e63?
2118
In base 7, what is 53514461 - -30?
53514521
In base 11, what is -82 - 96a00?
-96a82
In base 2, what is -110100100011101101010 + 10?
-110100100011101101000
In base 5, what is 333320403 + -11?
333320342
In base 5, what is 12244101021 + 3?
12244101024
In base 14, what is -21 - -49036?
49015
In base 14, what is 3 - -187893d?
1878942
In base 8, what is -53763112 - -11?
-53763101
In base 2, what is -111110 + 11110010000101011?
11110001111101101
In base 11, what is -2280 + -210?
-2490
In base 14, what is 12646a6 + -6?
12646a0
In base 8, what is -756364020 - -3?
-756364015
In base 7, what is 350040310 - -1?
350040311
In base 16, what is 13d8ae6e - -2?
13d8ae70
In base 7, what is -13060621410 - 4?
-13060621414
In base 12, what is -7 + -210114a3?
-210114aa
In base 9, what is -343735 - 583?
-344428
In base 5, what is 41 - 101444423?
-101444332
In base 8, what is -775752 - -147?
-775603
In base 12, what is -4 + -b985943?
-b985947
In base 16, what is -2 + 2a7c0b9?
2a7c0b7
In base 11, what is 45576 - 29a?
45287
In base 12, what is -5 + 1535151?
1535148
In base 13, what is 1537cb + 5?
153803
In base 16, what is -2c5 + 9bf2?
992d
In base 13, what is -119a53846 - 3?
-119a53849
In base 12, what is 147a - 9a0?
69a
In base 4, what is 220 - -130331130?
130332010
In base 13, what is -4 - 664017?
-66401b
In base 9, what is -2048 - 1015?
-3064
In base 14, what is -4990d - 10?
-4991d
In base 15, what is 56482e1 + 5?
56482e6
In base 15, what is 5 - -3c1c054?
3c1c059
In base 6, what is -21525110351 - 1?
-21525110352
In base 7, what is 220524 + 112133?
332660
In base 14, what is cab - -32d04?
33bb1
In base 7, what is -4034525466 - -4?
-4034525462
In base 16, what is 2c792 + 2d9?
2ca6b
In base 2, what is 1011 + 101000100000101101101?
101000100000101111000
In base 13, what is -609813 + 2?
-609811
In base 16, what is 1 + -431c34?
-431c33
In base 6, what is -31213 + -20252?
-51505
In base 15, what is -1850 + -1925?
-3275
In base 3, what is 101 + 2011221210210112?
2011221210210220
In base 15, what is -e2 - 56a2?
-5794
In base 10, what is -11253667 - -2?
-11253665
In base 6, what is -2 + -225124130?
-225124132
In base 9, what is 2 - 4135163?
-4135161
In base 3, what is 2100 + -21112010001?
-21112000201
In base 7, what is 15601551 + 64?
15601645
In base 11, what is -a675632 - 14?
-a675646
In base 7, what is -1000453301 - 11?
-1000453312
In base 16, what is -3 - -411f773?
411f770
In base 10, what is -5 + -55036973?
-55036978
In base 8, what is -161766 - 43233?
-225221
In base 12, what is 172 - 1464a07?
-1464855
In base 11, what is 42 + -307948?
-307906
In base 8, what is 311536 + 2125?
313663
In base 8, what is -1 - 10607110?
-10607111
In base 5, what is -1203230402 + -1?
-1203230403
In base 9, what is 15243547 + -13?
15243534
In base 13, what is 1 - -354c8b3?
354c8b4
In base 6, what is 12402404145 + -3?
12402404142
In base 14, what is 3 - -9b6662?
9b6665
In base 14, what is 36cc2 - 3?
36cbd
In base 10, what is -76715 - -397?
-76318
In base 7, what is -161653 + -141?
-162124
In base 6, what is 34 - 213515034?
-213515000
In base 9, what is 1 + -38625210?
-38625208
In base 15, what is -4 + 76d940?
76d93b
In base 9, what is -5 + -1225316?
-1225322
In base 11, what is -3 + -a6966696?
-a6966699
In base 10, what is 15627938 - -11?
15627949
In base 8, what is 2402670 - 0?
2402670
In base 11, what is -5 - -1421583?
1421579
In base 9, what is 4 + 41666873?
41666877
In base 2, what is 110 - 10001101101011011110100?
-10001101101011011101110
In base 2, what is -11000 + -10110111110101110111000100?
-10110111110101110111011100
In base 14, what is -14b5dd - -6?
-14b5d7
In base 14, what is -8a494d - -4?
-8a4949
In base 3, what is -1000002221100021 + -1011?
-1000002221101102
In base 2, what is -11000000100101 + 111010011001?
-10000110001100
In base 15, what is 48b45 - 10?
48b35
In base 12, what is 2270672 - -1?
2270673
In base 6, what is -4420 + 3311?
-1105
In base 15, what is 123 - 6d041?
-6ce1d
In base 11, what is 30429 + 115?
30543
In base 4, what is 11 + -3200111331101?
-3200111331030
In base 16, what is 737d - -1?
737e
In base 3, what is -102000210212 + -1112?
-102000212101
In base 14, what is -50747 + 20?
-50727
In base 3, what is -122221010211 - 1002?
-122221011220
In base 2, what is -111111111000100110010 - -10111111?
-111111111000001110011
In base 8, what is 61 + -2163430?
-2163347
In base 8, what is 6323 + -107473?
-101150
In base 8, what is 553764 - -3?
553767
In base 12, what is -173 + -3a557?
-3a70a
In base 4, what is -21210 - 11321132110?
-11321213320
In base 6, what is -211012 - 5250?
-220302
In base 13, what is 6608212 - -7?
6608219
In base 3, what is -1102202 - -1022000200?
1020120221
In base 9, what is 0 - 31440067?
-31440067
In base 9, what is -34278560 + 2?
-34278557
In base 12, what is -8b61068 + 3?
-8b61065
In base 15, what is 97 - a877?
-a7d0
In base 13, what is -ccb + -3abb?
-4ab9
In base 4, what is -11201021233 + -1112?
-11201023011
In base 3, what is -11 - 2200121220012220?
-2200121220020001
In base 13, what is -333b3326 - -5?
-333b3321
In base 3, what is -111202 - -101121211?
101010002
In base 16, what is -20 + a7540?
a7520
In base 4, what is -10 + 1322320131011?
1322320131001
In base 2, what is 10000110101 + 101111001011101?
110001010010010
In base 10, what is 270527 + -12?
270515
In base 16, what is 39 - -afa86?
afabf
In base 13, what is 1 + 1198973?
1198974
In base 9, what is 1208 - 1482?
-273
In base 16, what is -655997 + -4?
-65599b
In base 16, what is 32e - -5b?
389
In base 3, what is 10 + 1011222122001222?
1011222122002002
In base 12, what is -1511b - -3466?
-11875
In base 7, what is -1 - 10110640?
-10110641
In base 15, what is -16e + a9cbd?
a9b4e
In base 14, what is -85a5 - -15?
-8590
In base 16, what is df9ab1e - 5?
df9ab19
In base 14, what is 2900bd3 - c?
2900bc5
In base 16, what is 87f - 14d62?
-144e3
In base 6, what is 155 + 4512454?
4513053
In base 11, what is -1145 - -174a56?
173911
In base 8, what is 14123 + -22202?
-6057
In base 7, what is -134 + -5031020?
-5031154
In base 14, what is 1ca52 - 772?
1c2c0
In base 14, what is d - 111581?
-111572
In base 5, what is -220 - -13010130223?
13010130003
In base 2, what is -100000011011011101000011 - 1000010?
-100000011011011110000101
In base 6, what is -2112 + 4341430?
4335314
In base 16, what is 77dd10 - 0?
77dd10
In base 8, what is 15122 + -42424?
-25302
In base 10, what is 218630 - 12?
218618
In base 12, what is -73 + -1014964?
-1014a17
In base 9, what is 1260317 - 2?
1260315
In base 16, what is -19b + -3410?
-35ab
In base 15, what is -156 - c52b?
-c682
In base 8, what is 5 + -1362147?
-1362142
In base 8, what is 1350 + 5507?
7057
In base 12, what is 9a5 + 208a66?
20984b
In base 2, what is 11111111100001110101001010111 + 11?
11111111100001110101001011010
In base 12, what is 271675 + 39?
2716b2
In base 12, what is 280a1a641 + -4?
280a1a639
In base 3, what is -10010210210021202 + 12?
-10010210210021120
In base 10, what is -56 + -368478?
-368534
In base 4, what is 1110300301 + -1211?
1110233030
In base 6, what is 45214104 - -20?
45214124
In base 8, what is 11300 + -371562?
-360262
In base 6, what is 51423 + -114333?
-22510
In base 10, what is -1071262 + -28?
-1071290
In base 2, what is -10010011001000110101 + 101100?
-10010011001000001001
In base 14, what is 1247 - -2b04?
3d4b
In base 3, what is 10121102 - -11110?
10202212
In base 4, what is 1210003 - 210001?
1000002
In base 11, what is 49a89 - -a0?
4a079
In base 6, what is -205322002403 + -5?
-205322002412
In base 5, what is 10 - -1002442231?
1002442241
In base 15, what is -211d32 + -2?
